pose -p + 2 = -y. Let m be (4/6)/(11/2772). Calculate the greatest common factor of m and y.
21
Let y = 79 - -107. Let s = y + -155. Calculate the greatest common factor of s and 248.
31
Let l(x) = 41*x. Let y(u) = -21*u. Let v(b) = 6*l(b) + 11*y(b). Suppose -83*s + 80 = -3. Let n be v(s). Calculate the highest common divisor of n and 20.
5
Let k(d) = 196*d - 4308. Let o be k(22). What is the greatest common divisor of o and 12?
4
Let b be ((-193)/(-18) + (-10)/45)*2. Calculate the greatest common factor of b and 6.
3
Let i = -128 + 128. Suppose 0 = 3*n, -2*v + 5*n - n + 10 = i. What is the greatest common factor of 20 and v?
5
Let v be ((31430/(-3))/(-5))/((-2)/12). Let w be (-2)/(-9) + v/(-126). Calculate the highest common factor of 4 and w.
4
Suppose -2*c + 3*o = -47, -4*c + 28 + 31 = o. Suppose 21*z = -c*z + 370. Calculate the highest common divisor of z and 710.
10
Let s = 4256 + -2632. What is the highest common divisor of 1508 and s?
116
Suppose -4*t - 17 = s, s = -0*s + t + 3. Let x be 98/(-6)*(s + -5). Let i = x - 54. What is the greatest common factor of 22 and i?
22
Suppose r - 2942 = 5*x, -5*x - 2*r - 2826 = 125. Let m = -473 - x. What is the highest common divisor of 4 and m?
4
Let d be ((-1594)/(-14) - -1)/((-2)/56*-4). What is the greatest common factor of d and 12?
12
Suppose 2*s = -4*t + 5409 + 6083, -3*t - 3*s = -8613. What is the highest common divisor of t and 23?
23
Let a(d) = d**3 - 14*d**2 + 5*d - 74. Let x be a(14). Let j be 2/x*4*-2. What is the highest common divisor of 10 and j?
2
Let o = 130 - 124. Let f(p) = 11*p + o + 13 - 14. Let j be f(32). Calculate the greatest common factor of 51 and j.
51
Suppose j - 61 = -5*m, -5*m = 4*j - 32 - 32. Suppose -3*v + 3*f + m = -0*f, 5*f = v + 16. What is the greatest common factor of v and 1?
1
Suppose -18*b + 3345 - 1365 = 0. Calculate the greatest common divisor of 10 and b.
10
Let v(q) = 2*q**2 + 14 - 3*q**2 + 14 - 8*q - 41. Let a be v(-6). Let y be 10*8*a/(-2). Calculate the highest common divisor of y and 5.
5
Let u be 17/(-119)*(-8771)/35 - 1/(-5). What is the highest common divisor of 5517 and u?
9
Let s = -35 - -33. Let k be (-5)/s*(-112)/(-35). Suppose 4*t + 256 = 512. Calculate the highest common divisor of t and k.
8
Let z(t) = -t**2 - 6*t - 4. Let x be z(-4). Suppose x*b = -26 + 34. Suppose -4*d - 3 = -b*h - 9*d, d = -h + 3. What is the greatest common factor of 32 and h?
4
Let y(w) = 2*w + 19. Let l be y(-6). Suppose 3*k + 40 = l*k. What is the highest common divisor of 14 and k?
2
Let n(f) = f**3 + 15*f**2 - 34*f + 3. Let c be n(-17). Suppose c*i = 8*b - 4*b + 972, -1296 = -4*i - 4*b. What is the greatest common factor of i and 12?
12
Let p be (18/10)/(12380/(-6200) + 2). What is the highest common factor of 18 and p?
18
Suppose -5*m + 2800 = 3*m. Let h = m + -335. What is the greatest common factor of h and 20?
5
Let n(a) = 4*a**2 - 15*a + 18. Let h be n(4). Suppose -4*p + 8 = -0*p. What is the highest common factor of h and p?
2
Suppose 251*l - 278*l + 2295 = 0. Calculate the greatest common factor of l and 527.
17
Let s be 10 - (-5339)/38 - ((-10)/4 - -1). What is the highest common factor of 6308 and s?
76
Suppose -k + 111 - 21 = 0. Suppose 61*o - 65*o - 176 = -3*q, 2*q + 5*o = 194. What is the highest common divisor of k and q?
18
Suppose -113 = -o - 4*n, o = -9*n + 66 + 22. Calculate the greatest common divisor of o and 19.
19
Let r be 5/(-1) + (5 + -3 - -5). Suppose 0*a = -c - r*a + 156, -3*c + 459 = -3*a. What is the greatest common divisor of 14 and c?
14
Let k be (-14)/(2/(-16)*4). Let y = 81 + 19. Suppose -30 = 5*p - y. Calculate the highest common factor of k and p.
14
Suppose 27641*d = 27642*d - 156. What is the highest common factor of d and 1300?
52
Let n = 9396 + -9362. What is the greatest common factor of 3145 and n?
17
Let u = -40148 - -40435. Suppose -25 = -5*d, -2*o - 2 = d - 89. Calculate the greatest common divisor of o and u.
41
Let w(x) = 153*x + 2117. Let s be w(21). Calculate the greatest common divisor of 26 and s.
26
Suppose 9*p - 82 = -10. Let w be (p/16)/(18/8 - 2). Let j be ((-24)/(-6))/(w - 0). Calculate the highest common divisor of j and 10.
2
Let x = 747 - 750. Let m(r) be the first derivative of -34*r**2 + 16*r + 3. Let n be m(x). Calculate the greatest common factor of n and 20.
20
Let f(o) = o**3 - 11*o**2 - 103*o + 47. Let u be f(17). Let n = 2 - -1. Suppose 36 - 171 = -n*h. What is the highest common divisor of u and h?
15
Suppose 5*o = 4*k - 1173, -52*o + 1185 = 4*k - 53*o. Calculate the greatest common factor of 351 and k.
27
Let y be (-68)/136 + 3138/4 - 4. Calculate the greatest common factor of 45 and y.
15
Let z = 18 + 10. Let i = -799837 + 799857. What is the highest common factor of i and z?
4
Let p be (-434)/(-21) - (-2)/(-3). Suppose o = -5*x + 8, o + 2*o + 4*x - 13 = 0. Suppose o*m = m + p. What is the highest common factor of 10 and m?
10
Let i(x) = -17*x + 9. Let p be i(-7). Suppose p = 4*z - 64. Suppose n - 4803 = -4787. Calculate the greatest common divisor of z and n.
16
Suppose -5*h = 2*j - 182, -2*j = -h + 52 - 18. Let l be (-6)/(-33)*1 - 2536/(-88). Suppose 751 = -l*n + 11191. Calculate the highest common factor of n and h.
36
Let w(h) = -2*h**3 + 42*h**2 + 5*h + 32. Let r be w(20). What is the highest common divisor of r and 12?
4
Let a(f) be the third derivative of 0*f - 18*f**2 + 0 - 1/6*f**4 + 7/6*f**3. Let r be a(0). What is the greatest common factor of 49 and r?
7
Let c(w) be the third derivative of w**5/60 + 3*w**4/8 - 4*w**3 - 4*w**2 + 8. Let r be c(-12). What is the greatest common factor of 48 and r?
12
Suppose 3*y = -s + 1391, -5*y = 2*s - 6*s - 2307. Let i = -428 + y. Let p(u) = -36*u - 3. Let o be p(-3). What is the greatest common divisor of i and o?
35
Suppose 4 = 3*h + 5*f, 4*h + 5*f = -4 + 1. Let t be -5 + (h - -3 - 294/(-2)). What is the greatest common factor of 6 and t?
6
Suppose 91*g - 93*g = 3*y - 806, -g = 3*y - 808. Suppose 2*h + 0*h = 5*z - 744, -4*z - 4*h = -612. Calculate the highest common factor of z and y.
30
Let j = -34251 - -34267. What is the greatest common factor of 4208 and j?
16
Let q(t) = -t**3 + 5*t**2 + 6*t + 2. Let m be q(6). Let c(d) = -7 - 10*d + 5*d + d**2 - 3*d. Let i be c(9). Calculate the highest common factor of i and m.
2
Suppose 69*j = 74*j - 10. Let h(m) = 35*m**2 + 44 - 21*m**j - 15*m**2 + 25*m. Let y be h(20). Calculate the highest common divisor of 96 and y.
48
Let h be (-4)/8 - (-54)/12. Suppose h*o + 10 = -54. Let u be o/(5 - 1) + 100. Calculate the highest common divisor of u and 12.
12
Let c be ((-11454)/(-12) - 2)/(13/78). Calculate the greatest common divisor of 165 and c.
15
Suppose -40*o - 19 = -99. What is the greatest common divisor of o and 32?
2
Let m = -224 + 172. Let g = m + 85. Calculate the greatest common factor of g and 231.
33
Suppose -j - 2*g + 24 = 0, -j - 5*g = -12 - 18. Let z(r) = -r**3 - 5*r**2 + 6*r + 6. Let k be z(-8). Calculate the greatest common factor of k and j.
10
Let u = 33106 - 33090. Suppose 0*h - 16 = -4*h. Suppose -2*z = b - 95 - 125, 428 = h*z + 5*b. Calculate the highest common divisor of u and z.
16
Suppose -41*u + 455 = -36*u. Calculate the greatest common factor of u and 208.
13
Let q be (-5 + 7)*1*(-14)/(-4). Suppose q*x = -6*x + 715. Calculate the highest common divisor of x and 55.
55
Let z(b) = 3*b + 1. Let c be z(1). Suppose c*o = 8*o - 36. Let v(g) = 3*g - 25. Let t be v(o). What is the greatest common factor of t and 4?
2
Suppose -4*r - 175 = r. Let b = r + 52. Suppose -5*q - 93*m + 517 = -94*m, 394 = 4*q + 2*m. What is the highest common factor of b and q?
17
Suppose -13*u = -33*u - 197*u + 1085. Calculate the greatest common factor of 92 and u.
1
Let o be ((-108)/16)/9 + (-1359)/(-36). What is the greatest common factor of 999 and o?
37
Let r(b) = b**3 + 6*b**2 + 2*b - 11. Let d be r(3). Calculate the highest common divisor of 190 and d.
38
Suppose 19*r = 51*r - 2688. Calculate the greatest common factor of r and 52080.
84
Suppose 136344 = 11*c + 31*c - 4*c. What is the highest common factor of 624 and c?
156
Let g be -131 - -130 - ((2 - 0) + -2243). Calculate the greatest common factor of g and 98.
14
Let c = -1391 - -1387. Let z(n) = -3*n**3 + 5*n**2 - 3*n - 4. Let v be z(c). Let s = 42 - 7. C